 + 25. Let z(p) = -2*p**3 - 25*p**2 - 29*p - 47. Let q(c) = -9*h(c) - 5*z(c). Give q(-7).
-11
Let m(g) = g**2 + 20*g + 64. Suppose 87*f + 995 = -122 - 188. Give m(f).
-11
Suppose 2359*f = 2429*f + 1120. Let k(d) = -d - 2. Calculate k(f).
14
Let t be (4/9)/(30/135). Let c(p) = 2*p**3 - 3*p**2 + 3*p - 4. What is c(t)?
6
Suppose 11 = v + 10, 0 = -3*f + 5*v + 1. Let b be 4 + -3 + -1 - -1. Let x(g) = -g**2 + g. Let u(y) = 2*y**2 + 2*y - 1. Let i(m) = b*u(m) + 3*x(m). Give i(f).
5
Let f = 29 + -29. Suppose f = -3*y - 2*s + 12, -5*y + s = -3*y - 1. Let v(t) = 2*t + 2. Calculate v(y).
6
Let m(v) be the second derivative of -3*v**3/2 - 315*v. Suppose -3*z - 9 = -2*a - a, 5*a - 3 = 2*z. Give m(a).
9
Suppose 4*w + 4*l - 72 = 0, -5*w + 53*l - 50*l + 130 = 0. Let y(o) be the second derivative of w*o + 0 + 7/2*o**2 - 1/3*o**3. Give y(6).
-5
Let y(a) = -a**3 + 5*a**2 + 13*a + 12. Suppose -2*b = 3*t - 10*t + 45, 4*b = 8. Calculate y(t).
5
Let z(w) = 47*w**2 - 23. Let f(x) = -2*x**2 + 4. Let s(g) = 6*f(g) + z(g). Let v = -9 + 8. Give s(v).
36
Let s be -7 + 9 + (-2 - -3) + -1. Let k be (-6 + 3)*-1 + s. Let p(c) = c**3 - 5*c**2 + 6*c - 5. Calculate p(k).
25
Let t(h) = 16*h**2 - h - 6. Suppose -727*k + 14 = -734*k. What is t(k)?
60
Let s(k) = -k**3 + 28*k**2 + 60*k - 14. Let v(p) = 29*p**2 + 17*p + 18. Let q be v(-1). Let y be s(q). Let o(m) = -m**3 - 15*m**2 - 14*m - 11. Determine o(y).
-11
Suppose 3*q = 6*q + 12. Let c(m) = -m**3 - 4*m**2 - 4. Let y be c(q). Let u(j) = j + 1 - 6 + 8 - 1. Calculate u(y).
-2
Let k(a) = -a + 16552*a**2 - 16539*a**2 + 2*a. Let f(o) = o**2 - 7*o - 9. Let p(j) = -j**2 + 10*j + 8. Let u be p(10). Let q be f(u). Give k(q).
12
Let m(d) = -26*d**2 + 12*d - 8*d**3 - 22*d**2 - 5*d + 50*d**2 - 5 - 3*d. What is m(2)?
-53
Suppose -17*p = -22*p + 25. Let o(t) = t**3 - 6*t**2 + 12*t - 11. Calculate o(p).
24
Let w = -419 + 529. Let j = -104 + w. Let a(f) = f**2 - 3*f - 6. Calculate a(j).
12
Let a(i) = -3*i + 1. Let m = 172 + -174. Let s(g) = -7*g + 1. Let z(o) = m*a(o) + s(o). Determine z(-4).
3
Let f(q) = 86952 - 173888 + 3*q + 86960. Determine f(-17).
-27
Let k be ((-95)/10 - -7) + 3/(-2) + -1. Let l(f) = f**3 + f**2 + 2*f - 10. Determine l(k).
-120
Let v(r) be the first derivative of 1 - 1/120*r**5 + 0*r**2 + 0*r + 1/4*r**4 + r**3. Let j(t) be the third derivative of v(t). What is j(7)?
-1
Let d(p) be the second derivative of -1/12*p**4 + 41*p + 5/3*p**3 - 11/2*p**2 - 1. What is d(9)?
-2
Suppose -6*r + 11*r = -7*r. Let c(y) = -103*y - 6. Calculate c(r).
-6
Let c(n) = -5*n + 83. Let x be c(20). Let q be 1/(-3)*(-6 - (x - 4)). Let b(i) = -i**2 - 7*i + 2. Give b(q).
12
Suppose -8*i - 12 = 2*u, 24 = 3*i - 19*u + 15*u. Let g(d) = -d**3 + d**2 + 64*d + 5. Calculate g(i).
5
Let j(r) = r**3 - r**2 + 3*r + 1. Let z(i) = -5 + 6 + 4 + 6*i**3 - i**3 + 0*i**3 - 5*i**2 + 16*i. Let o = 5 + -3. Let d(k) = o*z(k) - 11*j(k). Determine d(2).
-7
Let q(x) be the second derivative of 3*x**3/2 - 6*x**2 + 4*x - 186. Give q(3).
15
Let s be -2*1*1 + 2. Let m(l) = 5*l - 2 + 3 + s. Let c = -68479 - -68480. What is m(c)?
6
Let m(h) = h**3 - 21*h**2 - 5*h + 3. Let b(w) = -w**3 - 18*w**2 - 3*w + 259. Let r be b(-17). Determine m(r).
-102
Suppose 0 = -2*y - 0*i - 2*i + 44, 3*y + 4*i - 69 = 0. Let j(x) = -43*x + y*x + 27*x. Calculate j(1).
3
Let h(d) be the second derivative of d**4/12 - 5*d**3/3 - 3*d**2/2 + 36571*d. Let o be (-4 - -2 - -10) + 1. Calculate h(o).
-12
Let w(r) = -r - 11*r - 7 - 3 + 9 - 7*r**2. Let s(q) = -12*q**2 - 23*q - 1. Let o(u) = -4*s(u) + 7*w(u). What is o(3)?
12
Let q = -3811 + 3804. Let y(j) = -j**2 + 4*j + 16. Determine y(q).
-61
Let m be ((-6)/(-14))/((-30)/(-70)). Let x(p) = -77*p**2 - 2. Determine x(m).
-79
Suppose 20*p = -14 - 86. Let q(u) = -8*u**3 + 8*u**2 + 6*u + 2. Let w(j) = 3*j**3 - 4*j**2 - 3*j - 1. Let z(s) = p*w(s) - 2*q(s). Give z(-3).
1
Let c(u) = -2*u - 1. Let g(v) = 0*v + 3 + 3*v + 2*v + 4*v. Let b be g(0). Calculate c(b).
-7
Let n(v) = -v**3 - 3*v**2 - 9*v - 88. Let s be n(-5). Let b(w) = -2*w - 4 + 12 + 1373*w**2 - 1372*w**2. Determine b(s).
43
Suppose 0 = 2*s + 2*r - 8, -4*s + 29 = -3*r + 6. Let q(y) = 9 + 0 + y - 6. Calculate q(s).
8
Let y = -97 + 101. Let k be (-9)/(-6)*(y + -2). Let c(l) = 7 - l**2 - k + 4*l + 4*l. What is c(8)?
4
Suppose 0*l + 8 = 2*l - 3*r, 3*l + 5*r - 12 = 0. Let k(p) = -l - 2 + 1 - 2*p. Suppose 64 + 57 = -60*j - 179. Calculate k(j).
5
Suppose -2 = w - 2*n, -16 = -5*n + n. Suppose -8*u = -w*u - 18. Let m(g) = -u*g + 13*g - 2*g - 4*g + 10. Give m(7).
-4
Let k(a) = a**3 - 6*a**2 + 3*a - 4. Suppose -j = -7 - 28. Suppose 31 = 6*n - j. Suppose -19*y + 40 = -n*y. What is k(y)?
-14
Let b(m) be the first derivative of m**3/3 - 9*m**2 - 64*m - 1844. Determine b(20).
-24
Let u = -46 + 76. Suppose 0 = -4*c - c + u. Let o(f) = f**2 + 11 + 4 - 18 + 9 - c*f. Calculate o(5).
1
Let c(s) be the third derivative of -7*s**4/24 - s**3/6 + 6651*s**2. Give c(5).
-36
Suppose -645*w = 490 + 3380. Let v(x) be the first derivative of -x**3/3 - 4*x**2 + x + 1. Give v(w).
13
Let q be ((-20)/(-12) - 1)/(24/46836). Let b(m) = 2597*m - q*m - 1295*m - 14. Determine b(7).
-7
Let h(f) = f**3 + 2*f**2 - 2. Let x be (-183)/(-6) + 3/(-2). Let l = x + -59. Let i = -32 - l. Calculate h(i).
-2
Let v(m) = -2 + 4 - 3 + 10*m. Let x be (-508)/(-12) - (-23)/(-69). Suppose -q = 39 - x. Determine v(q).
29
Let v be -2 + (-4 - -10) + -3 + 1. Let a(q) = 39 - 20 - 12*q + q**v - 32. Determine a(14).
15
Let g be (0 + 0 + -3)*2. Let m(j) be the second derivative of j**6/720 + j**5/30 - 229*j**4/12 + 74*j. Let q(r) be the third derivative of m(r). What is q(g)?
-2
Let l(k) = -129 + 525 - 127 - 124 - 9*k**2 - 71*k - 130. Calculate l(-8).
7
Suppose -2*z = 4*d - 106, -z - 14 = -d + z. Suppose d*h = -27*h - 306. Let b(q) = -q**3 - 5*q**2 + 4*q - 1. Give b(h).
11
Suppose 58*n - 55*n = 6. Let s(b) = n + 4*b**3 - 5*b**3 - b**2 - 3*b**3 - 2*b - 2*b**2. What is s(-2)?
26
Let a(y) = -y**3 + y**2 - 2*y + 3. Let p(c) = -c**2 - 3*c - 3. Let f be p(-2). Let u(z) = 11*z**2 + 1. Let v be u(f). Suppose v = 6*q - 6. Calculate a(q).
-21
Let v(i) = -65*i**3 - 4 + 2*i**2 - 206*i**3 - i + 329*i**3 - 60*i**3. Determine v(2).
-14
Let r(x) = x + 3. Let g = 71 + -83. Let b = g - -24. Suppose -4*f + b = -2*n, 2*n - 2*f = 6*n + 24. Determine r(n).
-3
Let g(r) = -r**2 + 73*r - 1032. Let j be g(54). Let i(t) = t**3 + 5*t**2 - 17*t - 14. What is i(j)?
52
Let q(d) = d**2 + 21*d + 28. Let m be q(-12). Let b = 18 + m. Let x = 72 + b. Let s(u) = -u + 7. Determine s(x).
-3
Let y(v) = v**3 - 7*v**2 + v - 4. Let d(f) = 2*f**2 + 12*f + 26. Let i be d(-4). Suppose -i*r + 14*r = 28. Determine y(r).
3
Suppose 12*m - 8 = 10*m. Suppose -35 = -5*c - d, -c - 3*d + 7 = -m*d. Let q(l) be the third derivative of -l**5/60 + l**4/3 - l**2 - 10*l. Determine q(c).
7
Let x(h) be the third derivative of -h**5/30 - h**4/4 + h**3/6 - 1262*h**2 + 1. What is x(-5)?
-19
Let n(y) be the third derivative of -y**6/120 - y**5/3 - 19*y**4/24 + y**3/6 + 14090*y**2. Calculate n(-19).
1
Let n(u) = u**3 - 9*u**2 + 2*u - 11. Let d = -2912 + 2917. Let w = 86 - 41. Suppose 0 = -d*p - a + 45, -5*p + 2*a = -3*a - w. What is n(p)?
7
Let p(i) be the first derivative of 40 + 2*i**3 + 1/4*i**4 + 3/2*i**2 + 3*i. Calculate p(-5).
13
Let u(s) = s**3 + 4*s**2 - 6*s - 6. Let d(a) = -a**2 - 4*a - 2. Let q be d(-2). Suppose -4*k - 4*n - 22 + q = 0, 3*k + 8 = 4*n. Determine u(k).
18
Let g(n) = n**3 - 2*n**2 + 4. Suppose 0 = b - 3, 9*p - 6*p + b - 12 = 0. Give g(p).
13
Let h(q) be the third derivative of -q**6/120 + q**5/6 - 5*q**4/6 + 19*q**3/6 - 1511*q**2. Calculate h(8).
-13
Let s(n) be the second derivative of -n**5/20 + 5*n**4/12 + 3*n**3/2 - 13*n**2/2 + 22*n - 2. Give s(7).
-48
Let w(q) be the second derivative of q**4/12 - q**3 + 15*q**2/2 - 4*q - 136. Determine w(4).
7
Suppose -l - 23 = -5*n, -n = -5*l + 2*n - 5. Suppose l*t - 4*h = -3 + 1, -5*h = -5. Let b(k) = 10*k**2 - k + 2. What is b(t)?
11
Let s(o) = -2*o**2 - 3*o - 18. Suppose 513*x = 449*x. Determine s(x).
-18
Suppose 0 = -29*q + 24*q - 5*k + 5, -13 = -q + 2*k. Let r(w) = 11*w - 47. Determine r(q).
8
Let v(t) = t - 2. Suppose 4 = 5*j - 4*j. Let s be (-2)/(-4) + (-5)/10. Suppose -f + 14 = -j*x - s, 2*f + x - 1 = 0. Determine v(f).
0
Let v(n) = 42*n + 89. Let i be v(-2). Let b(